 15, what is 2 + 79?
7b
In base 4, what is -1 - -100123?
100122
In base 10, what is 24 + -32?
-8
In base 13, what is 4 + -70?
-69
In base 5, what is 211231 - -1?
211232
In base 3, what is 1211 - -20?
2001
In base 15, what is -7 - 15?
-1c
In base 8, what is 1546 - 5?
1541
In base 7, what is 1 + 40012?
40013
In base 14, what is 39 + -b4?
-79
In base 8, what is -4 + 752?
746
In base 2, what is 1011010000 + 11?
1011010011
In base 5, what is 1 - -1?
2
In base 8, what is 5 - -53?
60
In base 16, what is -2 + 16c2?
16c0
In base 2, what is -1 - 1010000001?
-1010000010
In base 13, what is -75c + -3?
-762
In base 2, what is 0 + -101111001?
-101111001
In base 6, what is 45 + -331?
-242
In base 13, what is 197 + -3?
194
In base 9, what is 2 - -1556?
1558
In base 8, what is 3210 + -3?
3205
In base 10, what is -252 + -5?
-257
In base 7, what is 1 - 46?
-45
In base 14, what is 3 - -18?
1b
In base 2, what is 1010 + 110?
10000
In base 15, what is 199 + 5?
19e
In base 11, what is 7 + 30?
37
In base 12, what is 17a - 1?
179
In base 12, what is 4425 - 3?
4422
In base 16, what is -4 - ad?
-b1
In base 4, what is 3 + -2103?
-2100
In base 8, what is -4 + 3770?
3764
In base 3, what is -11002 + 10102?
-200
In base 2, what is 1001110 + -1101?
1000001
In base 4, what is -2003103 + -11?
-2003120
In base 9, what is 3 - -588?
602
In base 9, what is 215 + 1?
216
In base 4, what is 12 - 1011?
-333
In base 13, what is -c1 - 4?
-c5
In base 8, what is -2 + 32?
30
In base 10, what is 421 - -4?
425
In base 10, what is 7 + -47?
-40
In base 11, what is 4 - -253?
257
In base 13, what is -5 - -1c7?
1c2
In base 15, what is 5ed + 3?
601
In base 3, what is -11 - -102021?
102010
In base 7, what is 4 - 1?
3
In base 2, what is -100 + -1111110?
-10000010
In base 5, what is 2 - 403?
-401
In base 16, what is 16 + 6e?
84
In base 8, what is 72 + 336?
430
In base 7, what is 546 - 6?
540
In base 16, what is f + -139?
-12a
In base 3, what is -120 - 2110?
-10000
In base 11, what is -19 - -13?
-6
In base 2, what is 11111010011 - 100?
11111001111
In base 8, what is 5 + -4740?
-4733
In base 15, what is 7b + -c?
6e
In base 11, what is -24 - a?
-33
In base 14, what is 1 - -171?
172
In base 2, what is -101 - -1001?
100
In base 2, what is -101010 - -110?
-100100
In base 16, what is 2c6 + -6?
2c0
In base 12, what is 2016 + 0?
2016
In base 12, what is 34 - 255?
-221
In base 12, what is -4 + 1b1?
1a9
In base 7, what is 563 - -210?
1103
In base 10, what is 914 - 10?
904
In base 5, what is 104043 - -4?
104102
In base 10, what is -11 - 181?
-192
In base 12, what is 1a8 + -1?
1a7
In base 6, what is 10 + -1?
5
In base 7, what is -1235 - 0?
-1235
In base 13, what is -16 + -60?
-76
In base 2, what is 11 + 10111110101?
10111111000
In base 15, what is -96 - 2?
-98
In base 16, what is -51 - 0?
-51
In base 7, what is -2 + -22?
-24
In base 6, what is -20 + 42?
22
In base 2, what is 1 + -10111011?
-10111010
In base 13, what is 4 + 4a?
51
In base 4, what is -111 - 1102?
-1213
In base 10, what is 1 - -17?
18
In base 13, what is 0 + -2498?
-2498
In base 16, what is 1 + db?
dc
In base 14, what is -39 + -11?
-4a
In base 5, what is 1 - -3114?
3120
In base 14, what is 2 - c0?
-bc
In base 7, what is 5 - 36?
-31
In base 6, what is 2315 + -2?
2313
In base 2, what is -10 - -1010101110?
1010101100
In base 6, what is -145 + -5?
-154
In base 13, what is -5a - 12?
-6c
In base 9, what is -3 + 301?
287
In base 4, what is 100 - 233?
-133
In base 9, what is 5 - -53?
58
In base 8, what is -4 - 34?
-40
In base 9, what is -10 + 34?
24
In base 6, what is -2 + -3241?
-3243
In base 5, what is -4 - -312?
303
In base 7, what is -1 + -235?
-236
In base 14, what is -4 + 202?
1dc
In base 14, what is -12 - -1?
-11
In base 3, what is -20212021 - -10?
-20212011
In base 14, what is -4b9 + 6?
-4b3
In base 8, what is -1507 + 32?
-1455
In base 12, what is -1 + -123a?
-123b
In base 12, what is -a + -56?
-64
In base 15, what is -48 + -7?
-50
In base 10, what is 4 + -39?
-35
In base 9, what is 27 + 24?
52
In base 10, what is -363 + -9?
-372
In base 4, what is 11 + 112?
123
In base 2, what is -100 + -11100000?
-11100100
In base 11, what is -5 + 121?
117
In base 4, what is 113002 + 0?
113002
In base 8, what is -160 + 24?
-134
In base 9, what is -1 - -2?
1
In base 16, what is -362 + -3?
-365
In base 8, what is 275 + -12?
263
In base 15, what is -3 - -25c?
259
In base 3, what is -212 - -10210?
2221
In base 4, what is -3 + 10?
1
In base 5, what is -3231 - 0?
-3231
In base 9, what is -887 - 5?
-1003
In base 14, what is -1294 + 1?
-1293
In base 3, what is -2211 - 2?
-2220
In base 12, what is -60 - 3?
-63
In base 3, what is -1 + -1000000?
-1000001
In base 13, what is -6 - 63?
-69
In base 11, what is -211 + -4?
-215
In base 6, what is 502 - -10?
512
In base 3, what is 12 + -100010?
-22221
In base 10, what is 12 - 21?
-9
In base 7, what is -1 + 23?
22
In base 8, what is 12 - 33?
-21
In base 8, what is -4 - 110?
-114
In base 12, what is 0 - 579?
-579
In base 5, what is 0 - -132001?
132001
In base 3, what is 121 - -22?
220
In base 2, what is -11000 + 101?
-10011
In base 16, what is ca - 6?
c4
In base 13, what is -23b + 1?
-23a
In base 3, what is 11 + 101001?
101012
In base 5, what is 2414 + 34?
3003
In base 12, what is -76 - b?
-85
In base 10, what is -35 - -17?
-18
In base 6, what is 1434 + -102?
1332
In base 5, what is -3 - -1200?
1142
In base 8, what is 2516 - -1?
2517
In base 11, what is 19 - 13?
6
In base 5, what is -20411 + -2?
-20413
In base 12, what is 31 + 0?
31
In base 3, what is -101 + -2200?
-10001
In base 2, what is -11 + 1000010110100?
1000010110001
In base 2, what is -10 + -1001110010?
-1001110100
In base 11, what is -10 - 159?
-169
In base 15, what is -2 - 1ee?
-201
In base 16, what is -5a + -ab?
-105
In base 5, what is 33301 - 1?
33300
In base 2, what is -11 + 11100011?
11100000
In base 2, what is -100 + -1100111111?
-1101000011
In base 13, what is 3 + -c2?
-bc
In base 6, what is 1 + -144?
-143
In base 16, what is -1 + -5c?
-5d
In base 7, what is -4 - 462?
-466
In base 11, what is 2 + 1299?
12a0
In base 10, what is -75 + -35?
-110
In base 13, what is -118 + 3?
-115
In base 10, what is -4 + 292?
288
In base 2, what is -11110111111111 - 100?
-11111000000011
In base 2, what is -111 + -10100?
-11011
In base 13, what is -1 + -168?
-169
In base 14, what is 4 + -13?
-d
In base 7, what is -25 - 0?
-25
In base 4, what is -10031303 - 11?
-10031320
In base 7, what is -442 - 0?
-442
In base 5, what is 10 - -141?
201
In base 16, what is 2aea - -2?
2aec
In base 15, what is -c26 - -3?
-c23
In base 5, what is 2341 + -2?
2334
In base 10, what is 227 + -2?
225
In base 8, what is -1062 + -5?
-1067
In base 16, what is -f5 + 1?
-f4
In base 8, what is -2021 + 1?
-2020
In base 13, what is -1 - 39?
-3a
In base 12, what is -62 - 5?
-67
In base 2, what is -11001010 + 101?
-11000101
In base 6, what is 101 + 5?
110
In base 10, what is 6 + 362?
368
In base 10, what is -7 - -27?
20
In base 3, what is -112110 + -120?
-120000
In base 8, what is 0 - 351?
-351
In base 7, what is 1410 + -2?
1405
In base 6, what is 43 - 1431?
-1344
In base 15, what is 34 + -161?
-12c
In base 5, what is -1 - 1233?
-1234
In base 14, what is 684 + -4?
680
In base 13, what is -17a - 0?
-17a
In base 12, what is -3 + 23?
20
In base 6, what is -524 + -23?
-551
In base 11, what is 0 - 7a?
-7a
In base 9, what is 22 - -1213?
1235
In base 3, what is 12010 + -12?
11221
In base 15, what is 5c4 - 2?
5c2
In base 6, what is 324 + 13?
341
In base 14, what is 508 + -b?
4db
In base 10, what is 2288 - 3?
2285
In base 13, what is -4 + 11?
a
In base 9, what is 5 - -37?
43
In base 5, what is -200 - -32?
-113
In base 7, what is 655 + 0?
655
In base 13, what is -3a5 + 5?
-3a0
In base 15, what is 2 - -117?
119
In base 10, what is 0 - 9392?
-9392
In base 14, what is -2 + 10b7?
10b5
In base 11, what is -11117 - -4?
-11113
In base 7, what is -3 + 421?
415
In base 3, what is -10 - -10011021?
10011011
In base 5, what is 14 + -24?
-10
In base 2, what is -101 + -100101?
-101010
In base 3, what is -1102110 - 11?
-1102121
In base 11, what is -24a99 + -5?
-24aa3
In base 4, what is -1001100 + -11?
-1001111
In base 7, what is -2 + 20664?
20662
In base 4, what is -2 - 2111?
-2113
In base 9, what is -57 - 3?
-61
In base 4, what is -1 - 10323?
